 {"id":2152,"date":"2024-06-25T07:19:49","date_gmt":"2024-06-25T07:19:49","guid":{"rendered":"https:\/\/welcover.com\/rheinwein\/gaestemappe-copy\/"},"modified":"2024-06-28T14:18:42","modified_gmt":"2024-06-28T14:18:42","slug":"willkommen","status":"publish","type":"page","link":"https:\/\/welcover.com\/rheinwein\/gaestemappe-rheinwein-boppard1\/herzlich-willkommen\/","title":{"rendered":"Herzlich Willkommen"},"content":{"rendered":"\n<style type=\"text\/css\" data-created_by=\"avia_inline_auto\" id=\"style-css-av-lx4by6tu-c0c4e0a1bdf8df176f945d3f2640602b\">\n.avia-section.av-lx4by6tu-c0c4e0a1bdf8df176f945d3f2640602b{\nbackground-color:#2D0900;\nbackground-image:unset;\n}\n<\/style>\n<div id='av_section_1'  class='avia-section av-lx4by6tu-c0c4e0a1bdf8df176f945d3f2640602b main_color avia-section-default avia-no-border-styling  avia-builder-el-0  el_before_av_section  avia-builder-el-first  avia-bg-style-scroll av-minimum-height av-minimum-height-50 av-height-50  container_wrap fullsize'   data-av_minimum_height_pc='50' data-av_min_height_opt='50'><div class='container av-section-cont-open' ><main  role=\"main\" itemprop=\"mainContentOfPage\"  class='template-page content  av-content-full alpha units'><div class='post-entry post-entry-type-page post-entry-2152'><div class='entry-content-wrapper clearfix'>\n\n<style type=\"text\/css\" data-created_by=\"avia_inline_auto\" id=\"style-css-av-4ajdnu-f02fb2f37e045b581b74c678cad3500d\">\n.flex_column.av-4ajdnu-f02fb2f37e045b581b74c678cad3500d{\nborder-radius:10px 10px 10px 10px;\npadding:5% 5% 5% 5%;\n}\n<\/style>\n<div  class='flex_column av-4ajdnu-f02fb2f37e045b581b74c678cad3500d av_one_full  avia-builder-el-1  avia-builder-el-no-sibling  first flex_column_div  '     ><style type=\"text\/css\" data-created_by=\"avia_inline_auto\" id=\"style-css-av-lxu2zl73-3bb52c294ef8f00d1bb731d78d4bd645\">\n#top .av_textblock_section.av-lxu2zl73-3bb52c294ef8f00d1bb731d78d4bd645 .avia_textblock{\ncolor:#ffffff;\n}\n<\/style>\n<section  class='av_textblock_section av-lxu2zl73-3bb52c294ef8f00d1bb731d78d4bd645 '   itemscope=\"itemscope\" itemtype=\"https:\/\/schema.org\/CreativeWork\" ><div class='av-small-hide av-mini-hide avia_textblock av_inherit_color'  itemprop=\"text\" ><p style=\"text-align: center;\"><span style=\"font-family: caveat; font-size: 72pt;\">Herzlich Willkommen<\/span><\/p>\n<\/div><\/section><br \/>\n\n<style type=\"text\/css\" data-created_by=\"avia_inline_auto\" id=\"style-css-av-lxu3t8f2-98eb6608b065dca0cd02166625ab6bc9\">\n#top .av_textblock_section.av-lxu3t8f2-98eb6608b065dca0cd02166625ab6bc9 .avia_textblock{\ncolor:#ffffff;\n}\n<\/style>\n<section  class='av_textblock_section av-lxu3t8f2-98eb6608b065dca0cd02166625ab6bc9 '   itemscope=\"itemscope\" itemtype=\"https:\/\/schema.org\/CreativeWork\" ><div class='av-desktop-hide av-medium-hide avia_textblock av_inherit_color'  itemprop=\"text\" ><p style=\"text-align: center;\"><span style=\"font-family: caveat; font-size: 36pt;\">Herzlich Willkommen<\/span><\/p>\n<\/div><\/section><\/p><\/div>\n\n<\/div><\/div><\/main><!-- close content main element --><\/div><\/div>\n<style type=\"text\/css\" data-created_by=\"avia_inline_auto\" id=\"style-css-av-9gopdh-254430a5f37ef7871d5b850df9f6eed5\">\n.avia-section.av-9gopdh-254430a5f37ef7871d5b850df9f6eed5{\nmargin-top:0px;\nmargin-bottom:30px;\nz-index:10;\nposition:relative;\n}\n.av-curtain-footer.av-curtain-activated #main .avia-section.av-9gopdh-254430a5f37ef7871d5b850df9f6eed5{\nz-index:10;\n}\n<\/style>\n<div id='willkommen'  class='avia-section av-9gopdh-254430a5f37ef7871d5b850df9f6eed5 main_color avia-section-default avia-no-border-styling  avia-builder-el-4  el_after_av_section  avia-builder-el-last  avia-bg-style-scroll av-custom-positioned container_wrap fullsize'  ><div class='container av-section-cont-open' ><div class='template-page content  av-content-full alpha units'><div class='post-entry post-entry-type-page post-entry-2152'><div class='entry-content-wrapper clearfix'>\n<div class='flex_column_table av-4ce6ug-f44678a8b6222f69fa80298bcb0e566f sc-av_one_full av-break-at-tablet-flextable av-equal-height-column-flextable'>\n<style type=\"text\/css\" data-created_by=\"avia_inline_auto\" id=\"style-css-av-4ce6ug-f44678a8b6222f69fa80298bcb0e566f\">\n@keyframes av_boxShadowEffect_av-4ce6ug-f44678a8b6222f69fa80298bcb0e566f-column {\n0%   { box-shadow:  0 0 0 0 rgba(0,0,0,0.2); opacity: 1; }\n100% { box-shadow:  0 0 5px 0 rgba(0,0,0,0.2); opacity: 1; }\n}\n#top .flex_column_table.av-equal-height-column-flextable.av-4ce6ug-f44678a8b6222f69fa80298bcb0e566f{\nmargin-top:-100px;\nmargin-bottom:0px;\n}\n.flex_column.av-4ce6ug-f44678a8b6222f69fa80298bcb0e566f{\nz-index:99;\nbox-shadow: 0 0 5px 0 rgba(0,0,0,0.2);\nborder-radius:5px 5px 5px 5px;\npadding:30px 30px 30px 30px;\nbackground-color:#ffffff;\n}\n<\/style>\n<div  class='flex_column av-4ce6ug-f44678a8b6222f69fa80298bcb0e566f av_one_full  avia-builder-el-5  avia-builder-el-no-sibling  first no_margin av-break-at-tablet flex_column_table_cell av-equal-height-column av-align-middle av-custom-positioned av-parallax-object shadow-not-animated  ' data-parallax=\"{&quot;parallax&quot;:&quot;no_parallax&quot;,&quot;parallax_speed&quot;:&quot;no_parallax&quot;,&quot;av-desktop-parallax&quot;:&quot;bottom_top&quot;,&quot;av-desktop-parallax_speed&quot;:&quot;70&quot;,&quot;av-medium-parallax&quot;:&quot;inherit&quot;,&quot;av-medium-parallax_speed&quot;:&quot;inherit&quot;,&quot;av-small-parallax&quot;:&quot;inherit&quot;,&quot;av-small-parallax_speed&quot;:&quot;inherit&quot;,&quot;av-mini-parallax&quot;:&quot;inherit&quot;,&quot;av-mini-parallax_speed&quot;:&quot;inherit&quot;,&quot;parallax-container&quot;:&quot;.av-4ce6ug-f44678a8b6222f69fa80298bcb0e566f&quot;}\"    ><p>\n<style type=\"text\/css\" data-created_by=\"avia_inline_auto\" id=\"style-css-av-5zn8wl-40bdd3b4d5a1980b77e33485b0fc8d52\">\n.avia-image-container.av-5zn8wl-40bdd3b4d5a1980b77e33485b0fc8d52 img.avia_image{\nbox-shadow:none;\n}\n.avia-image-container.av-5zn8wl-40bdd3b4d5a1980b77e33485b0fc8d52 .av-image-caption-overlay-center{\ncolor:#ffffff;\n}\n<\/style>\n<div  class='avia-image-container av-5zn8wl-40bdd3b4d5a1980b77e33485b0fc8d52 av-styling- avia_animated_image av-animated-when-visible-95 fade-in avia-align-center  avia-builder-el-6  el_before_av_hr  avia-builder-el-first '   itemprop=\"image\" itemscope=\"itemscope\" itemtype=\"https:\/\/schema.org\/ImageObject\" ><div class=\"avia-image-container-inner\"><div class=\"avia-image-overlay-wrap\"><img decoding=\"async\" fetchpriority=\"high\" class='wp-image-2127 avia-img-lazy-loading-not-2127 avia_image ' src=\"https:\/\/welcover.com\/rheinwein\/wp-content\/uploads\/sites\/5\/RheinWein-Boppard-Fewo1-001-645x430-1.png\" alt='' title=''  height=\"430\" width=\"645\"  itemprop=\"thumbnailUrl\" srcset=\"https:\/\/welcover.com\/rheinwein\/wp-content\/uploads\/sites\/5\/RheinWein-Boppard-Fewo1-001-645x430-1.png 645w, https:\/\/welcover.com\/rheinwein\/wp-content\/uploads\/sites\/5\/RheinWein-Boppard-Fewo1-001-645x430-1-300x200.png 300w\" sizes=\"(max-width: 645px) 100vw, 645px\" \/><\/div><\/div><\/div><br \/>\n\n<style type=\"text\/css\" data-created_by=\"avia_inline_auto\" id=\"style-css-av-4gjkv9-7422e75224fd354f9bded98330124140\">\n#top .hr.hr-invisible.av-4gjkv9-7422e75224fd354f9bded98330124140{\nheight:30px;\n}\n<\/style>\n<div  class='hr av-4gjkv9-7422e75224fd354f9bded98330124140 hr-invisible  avia-builder-el-7  el_after_av_image  el_before_av_hr '><span class='hr-inner '><span class=\"hr-inner-style\"><\/span><\/span><\/div><br \/>\n\n<style type=\"text\/css\" data-created_by=\"avia_inline_auto\" id=\"style-css-av-6vlp4-ac30fd67b6c757f3656bbd914d4e0747\">\n#top .hr.hr-invisible.av-6vlp4-ac30fd67b6c757f3656bbd914d4e0747{\nheight:30px;\n}\n<\/style>\n<div  class='hr av-6vlp4-ac30fd67b6c757f3656bbd914d4e0747 hr-invisible  avia-builder-el-8  el_after_av_hr  el_before_av_textblock '><span class='hr-inner '><span class=\"hr-inner-style\"><\/span><\/span><\/div><br \/>\n<section  class='av_textblock_section av-2v26h4-83c779a0ee98875a7cc3e7573a27cf36 '   itemscope=\"itemscope\" itemtype=\"https:\/\/schema.org\/CreativeWork\" ><div class='avia_textblock'  itemprop=\"text\" ><p>Herzlich Willkommen in Boppard!<\/p>\n<p>Dies ist Ihre digitale G\u00e4stemappe f\u00fcr Ihren Aufenthalt in der \u201eFerienwohnung RheinWein 1\u201c.<\/p>\n<p>Als kleine Privatunterkunft mit zwei Ferienwohnungen verf\u00fcgen wir \u00fcber keine klassische Empfangssituation. Der Check-in erfolgt in der Regel kontaktlos.<\/p>\n<p>Hier in dieser digitalen G\u00e4stemappe finden Sie viele n\u00fctzliche Tipps und Informationen zu unserer Ferienwohnung und der Umgebung. Planen Sie Ihren Aufenthalt schon von zuhause aus \u2013 ankommen und sich gleich auskennen!<\/p>\n<p>Wir sind stets bem\u00fcht, Ihnen die Wohnung in einem tadellosen Zustand zu \u00fcbergeben. Sollte dies einmal nicht der Fall sein, lassen Sie es uns bitte wissen. Wir sorgen umgehend daf\u00fcr, dass Sie einen unbeschwerten Urlaub verbringen k\u00f6nnen.<\/p>\n<p>Wir freuen uns auf Ihren Besuch und w\u00fcnschen Ihnen eine gute Anreise nach Boppard in die FEWO RheinWein. Das Apartment steht ab 14 Uhr oder zu der abweichend vereinbarten Uhrzeit f\u00fcr Sie bereit.<\/p>\n<p>Vielen herzlichen Dank f\u00fcr Ihre Buchung. Wir w\u00fcnschen Ihnen einen angenehmen Aufenthalt im \u201eUNESCO-Weltkulturerbe Oberes Mittelrheintal\u201c und der Ferienwohnung RheinWein.<\/p>\n<p>Mit herzlichen Gr\u00fc\u00dfen<\/p>\n<p><span style=\"font-family: caveat; font-size: 14pt;\">Birgit und Wolfgang Jahn<\/span><\/p>\n<\/div><\/section><\/p><\/div><\/div><!--close column table wrapper. Autoclose: 1 -->\n","protected":false},"excerpt":{"rendered":"","protected":false},"author":1,"featured_media":0,"parent":2239,"menu_order":25,"comment_status":"closed","ping_status":"closed","template":"","meta":{"footnotes":""},"class_list":["post-2152","page","type-page","status-publish","hentry"],"_links":{"self":[{"href":"https:\/\/welcover.com\/rheinwein\/wp-json\/wp\/v2\/pages\/2152"}],"collection":[{"href":"https:\/\/welcover.com\/rheinwein\/wp-json\/wp\/v2\/pages"}],"about":[{"href":"https:\/\/welcover.com\/rheinwein\/wp-json\/wp\/v2\/types\/page"}],"author":[{"embeddable":true,"href":"https:\/\/welcover.com\/rheinwein\/wp-json\/wp\/v2\/users\/1"}],"replies":[{"embeddable":true,"href":"https:\/\/welcover.com\/rheinwein\/wp-json\/wp\/v2\/comments?post=2152"}],"version-history":[{"count":22,"href":"https:\/\/welcover.com\/rheinwein\/wp-json\/wp\/v2\/pages\/2152\/revisions"}],"predecessor-version":[{"id":2667,"href":"https:\/\/welcover.com\/rheinwein\/wp-json\/wp\/v2\/pages\/2152\/revisions\/2667"}],"up":[{"embeddable":true,"href":"https:\/\/welcover.com\/rheinwein\/wp-json\/wp\/v2\/pages\/2239"}],"wp:attachment":[{"href":"https:\/\/welcover.com\/rheinwein\/wp-json\/wp\/v2\/media?parent=2152"}],"curies":[{"name":"wp","href":"https:\/\/api.w.org\/{rel}","templated":true}]}}