 {"id":2285,"date":"2024-06-25T12:28:29","date_gmt":"2024-06-25T12:28:29","guid":{"rendered":"https:\/\/welcover.com\/rheinwein\/boppard1\/willkommen-copy\/"},"modified":"2025-02-20T09:19:05","modified_gmt":"2025-02-20T08:19:05","slug":"anreiseinformationen","status":"publish","type":"page","link":"https:\/\/welcover.com\/rheinwein\/gaestemappe-rheinwein-boppard1\/anreiseinformationen\/","title":{"rendered":"Anreiseinformationen"},"content":{"rendered":"\n<style type=\"text\/css\" data-created_by=\"avia_inline_auto\" id=\"style-css-av-lx4by6tu-c0c4e0a1bdf8df176f945d3f2640602b\">\n.avia-section.av-lx4by6tu-c0c4e0a1bdf8df176f945d3f2640602b{\nbackground-color:#2D0900;\nbackground-image:unset;\n}\n<\/style>\n<div id='av_section_1'  class='avia-section av-lx4by6tu-c0c4e0a1bdf8df176f945d3f2640602b main_color avia-section-default avia-no-border-styling  avia-builder-el-0  el_before_av_section  avia-builder-el-first  avia-bg-style-scroll av-minimum-height av-minimum-height-50 av-height-50  container_wrap fullsize'   data-av_minimum_height_pc='50' data-av_min_height_opt='50'><div class='container av-section-cont-open' ><main  role=\"main\" itemprop=\"mainContentOfPage\"  class='template-page content  av-content-full alpha units'><div class='post-entry post-entry-type-page post-entry-2285'><div class='entry-content-wrapper clearfix'>\n\n<style type=\"text\/css\" data-created_by=\"avia_inline_auto\" id=\"style-css-av-4ajdnu-f02fb2f37e045b581b74c678cad3500d\">\n.flex_column.av-4ajdnu-f02fb2f37e045b581b74c678cad3500d{\nborder-radius:10px 10px 10px 10px;\npadding:5% 5% 5% 5%;\n}\n<\/style>\n<div  class='flex_column av-4ajdnu-f02fb2f37e045b581b74c678cad3500d av_one_full  avia-builder-el-1  avia-builder-el-no-sibling  first flex_column_div  '     ><style type=\"text\/css\" data-created_by=\"avia_inline_auto\" id=\"style-css-av-lxu2zl73-3bb52c294ef8f00d1bb731d78d4bd645\">\n#top .av_textblock_section.av-lxu2zl73-3bb52c294ef8f00d1bb731d78d4bd645 .avia_textblock{\ncolor:#ffffff;\n}\n<\/style>\n<section  class='av_textblock_section av-lxu2zl73-3bb52c294ef8f00d1bb731d78d4bd645 '   itemscope=\"itemscope\" itemtype=\"https:\/\/schema.org\/CreativeWork\" ><div class='av-small-hide av-mini-hide avia_textblock av_inherit_color'  itemprop=\"text\" ><p style=\"text-align: center;\"><span style=\"font-family: caveat; font-size: 72pt;\">Anreise-informationen<\/span><\/p>\n<\/div><\/section><br \/>\n\n<style type=\"text\/css\" data-created_by=\"avia_inline_auto\" id=\"style-css-av-lxu3t8f2-98eb6608b065dca0cd02166625ab6bc9\">\n#top .av_textblock_section.av-lxu3t8f2-98eb6608b065dca0cd02166625ab6bc9 .avia_textblock{\ncolor:#ffffff;\n}\n<\/style>\n<section  class='av_textblock_section av-lxu3t8f2-98eb6608b065dca0cd02166625ab6bc9 '   itemscope=\"itemscope\" itemtype=\"https:\/\/schema.org\/CreativeWork\" ><div class='av-desktop-hide av-medium-hide avia_textblock av_inherit_color'  itemprop=\"text\" ><p style=\"text-align: center;\"><span style=\"font-family: caveat; font-size: 36pt;\">Anreise-informationen<\/span><\/p>\n<\/div><\/section><\/p><\/div>\n\n<\/div><\/div><\/main><!-- close content main element --><\/div><\/div>\n<style type=\"text\/css\" data-created_by=\"avia_inline_auto\" id=\"style-css-av-73uv9p-525b0f545f88fde6d99b122e8d3b520f\">\n.avia-section.av-73uv9p-525b0f545f88fde6d99b122e8d3b520f{\nmargin-top:0px;\nmargin-bottom:30px;\nz-index:10;\nposition:relative;\n}\n.av-curtain-footer.av-curtain-activated #main .avia-section.av-73uv9p-525b0f545f88fde6d99b122e8d3b520f{\nz-index:10;\n}\n<\/style>\n<div id='anreiseinformationen'  class='avia-section av-73uv9p-525b0f545f88fde6d99b122e8d3b520f main_color avia-section-default avia-no-border-styling  avia-builder-el-4  el_after_av_section  avia-builder-el-last  avia-bg-style-scroll av-custom-positioned container_wrap fullsize'  ><div class='container av-section-cont-open' ><div class='template-page content  av-content-full alpha units'><div class='post-entry post-entry-type-page post-entry-2285'><div class='entry-content-wrapper clearfix'>\n<div class='flex_column_table av-6ccuu5-ff38434a8ee19a2f21b86042af72fb8b sc-av_one_full av-break-at-tablet-flextable av-equal-height-column-flextable'>\n<style type=\"text\/css\" data-created_by=\"avia_inline_auto\" id=\"style-css-av-6ccuu5-ff38434a8ee19a2f21b86042af72fb8b\">\n@keyframes av_boxShadowEffect_av-6ccuu5-ff38434a8ee19a2f21b86042af72fb8b-column {\n0%   { box-shadow:  0 0 0 0 rgba(0,0,0,0.2); opacity: 1; }\n100% { box-shadow:  0 0 5px 0 rgba(0,0,0,0.2); opacity: 1; }\n}\n#top .flex_column_table.av-equal-height-column-flextable.av-6ccuu5-ff38434a8ee19a2f21b86042af72fb8b{\nmargin-top:-100px;\nmargin-bottom:0px;\n}\n.flex_column.av-6ccuu5-ff38434a8ee19a2f21b86042af72fb8b{\nz-index:99;\nbox-shadow: 0 0 5px 0 rgba(0,0,0,0.2);\nborder-radius:5px 5px 5px 5px;\npadding:30px 30px 30px 30px;\nbackground-color:#ffffff;\n}\n<\/style>\n<div  class='flex_column av-6ccuu5-ff38434a8ee19a2f21b86042af72fb8b av_one_full  avia-builder-el-5  avia-builder-el-no-sibling  first no_margin av-break-at-tablet flex_column_table_cell av-equal-height-column av-align-middle av-custom-positioned av-parallax-object shadow-not-animated  ' data-parallax=\"{&quot;parallax&quot;:&quot;no_parallax&quot;,&quot;parallax_speed&quot;:&quot;no_parallax&quot;,&quot;av-desktop-parallax&quot;:&quot;bottom_top&quot;,&quot;av-desktop-parallax_speed&quot;:&quot;70&quot;,&quot;av-medium-parallax&quot;:&quot;inherit&quot;,&quot;av-medium-parallax_speed&quot;:&quot;inherit&quot;,&quot;av-small-parallax&quot;:&quot;inherit&quot;,&quot;av-small-parallax_speed&quot;:&quot;inherit&quot;,&quot;av-mini-parallax&quot;:&quot;inherit&quot;,&quot;av-mini-parallax_speed&quot;:&quot;inherit&quot;,&quot;parallax-container&quot;:&quot;.av-6ccuu5-ff38434a8ee19a2f21b86042af72fb8b&quot;}\"    ><p>\n<style type=\"text\/css\" data-created_by=\"avia_inline_auto\" id=\"style-css-av-lxzv0qx6-5921f6e9312b839f19055aefabbda0e6\">\n.avia-image-container.av-lxzv0qx6-5921f6e9312b839f19055aefabbda0e6 img.avia_image{\nbox-shadow:none;\n}\n.avia-image-container.av-lxzv0qx6-5921f6e9312b839f19055aefabbda0e6 .av-image-caption-overlay-center{\ncolor:#ffffff;\n}\n<\/style>\n<div  class='avia-image-container av-lxzv0qx6-5921f6e9312b839f19055aefabbda0e6 av-styling- avia_animated_image av-animated-when-visible-95 fade-in avia-align-center  avia-builder-el-6  el_before_av_hr  avia-builder-el-first '   itemprop=\"image\" itemscope=\"itemscope\" itemtype=\"https:\/\/schema.org\/ImageObject\" ><div class=\"avia-image-container-inner\"><div class=\"avia-image-overlay-wrap\"><img decoding=\"async\" fetchpriority=\"high\" class='wp-image-2127 avia-img-lazy-loading-not-2127 avia_image ' src=\"https:\/\/welcover.com\/rheinwein\/wp-content\/uploads\/sites\/5\/RheinWein-Boppard-Fewo1-001-645x430-1.png\" alt='' title=''  height=\"430\" width=\"645\"  itemprop=\"thumbnailUrl\" srcset=\"https:\/\/welcover.com\/rheinwein\/wp-content\/uploads\/sites\/5\/RheinWein-Boppard-Fewo1-001-645x430-1.png 645w, https:\/\/welcover.com\/rheinwein\/wp-content\/uploads\/sites\/5\/RheinWein-Boppard-Fewo1-001-645x430-1-300x200.png 300w\" sizes=\"(max-width: 645px) 100vw, 645px\" \/><\/div><\/div><\/div><br \/>\n\n<style type=\"text\/css\" data-created_by=\"avia_inline_auto\" id=\"style-css-av-4qtyd9-ba58541df62b3d726c24a25f2d52a976\">\n#top .hr.hr-invisible.av-4qtyd9-ba58541df62b3d726c24a25f2d52a976{\nheight:30px;\n}\n<\/style>\n<div  class='hr av-4qtyd9-ba58541df62b3d726c24a25f2d52a976 hr-invisible  avia-builder-el-7  el_after_av_image  el_before_av_hr '><span class='hr-inner '><span class=\"hr-inner-style\"><\/span><\/span><\/div><br \/>\n\n<style type=\"text\/css\" data-created_by=\"avia_inline_auto\" id=\"style-css-av-2lfe0d-d57123df7b4b764feec6ca77bf77bece\">\n#top .hr.hr-invisible.av-2lfe0d-d57123df7b4b764feec6ca77bf77bece{\nheight:30px;\n}\n<\/style>\n<div  class='hr av-2lfe0d-d57123df7b4b764feec6ca77bf77bece hr-invisible  avia-builder-el-8  el_after_av_hr  el_before_av_textblock '><span class='hr-inner '><span class=\"hr-inner-style\"><\/span><\/span><\/div><br \/>\n<section  class='av_textblock_section av-2v26h4-83c779a0ee98875a7cc3e7573a27cf36 '   itemscope=\"itemscope\" itemtype=\"https:\/\/schema.org\/CreativeWork\" ><div class='avia_textblock'  itemprop=\"text\" ><section class=\"av_textblock_section av-2v26h4-83c779a0ee98875a7cc3e7573a27cf36 \">\n<div class=\"avia_textblock\">\n<p>Hier finden Sie wichtige Anreiseinformationen und Informationen zur Schl\u00fcssel\u00fcbergabe f\u00fcr die \u201eFerienwohnung RheinWein 1\u201c in Boppard.<\/p>\n<\/div>\n<\/section>\n<\/div><\/section><br \/>\n<div  class='avia-icon-list-container av-lxzuuoq0-1a74da1cde66759b9e867d73cf62ee7f  avia-builder-el-10  el_after_av_textblock  avia-builder-el-last '><ul class='avia-icon-list avia_animate_when_almost_visible avia-icon-list-left av-iconlist-big av-lxzuuoq0-1a74da1cde66759b9e867d73cf62ee7f avia-iconlist-animate'>\n<li><div class='iconlist_icon av-lxzulqh4-9894eaf44214e8f7ab1e09540d33f43a avia-font-entypo-fontello avia-iconfont avia-font-entypo-fontello'><span class='av-icon-char' data-av_icon='\ue81e' data-av_iconfont='entypo-fontello' aria-hidden=\"true\"><\/span><\/div><article class=\"article-icon-entry \"  itemscope=\"itemscope\" itemtype=\"https:\/\/schema.org\/CreativeWork\" ><div class=\"iconlist_content_wrap\"><header class=\"entry-content-header\" aria-label=\"Icon: Anreise\"><h4 class='av_iconlist_title iconlist_title  '  itemprop=\"headline\" >Anreise<\/h4><\/header><div class='iconlist_content '  itemprop=\"text\" ><p>Wir w\u00fcnschen Ihnen eine gute Anreise nach Boppard, Josef \u2013 Dany \u2013 Str. 4.<\/p>\n<\/div><\/div><footer class=\"entry-footer\"><\/footer><\/article><div class=\"iconlist-timeline\"><\/div><\/li>\n<li><div class='iconlist_icon av-lxzuslq8-866d44bd74b20e7de0d9022e2ef7669a avia-font-entypo-fontello avia-iconfont avia-font-entypo-fontello'><span class='av-icon-char' data-av_icon='\ue81e' data-av_iconfont='entypo-fontello' aria-hidden=\"true\"><\/span><\/div><article class=\"article-icon-entry \"  itemscope=\"itemscope\" itemtype=\"https:\/\/schema.org\/CreativeWork\" ><div class=\"iconlist_content_wrap\"><header class=\"entry-content-header\" aria-label=\"Icon: Schl\u00fcssel-\u00fcbergabe\"><h4 class='av_iconlist_title iconlist_title  '  itemprop=\"headline\" >Schl\u00fcssel-\u00fcbergabe<\/h4><\/header><div class='iconlist_content '  itemprop=\"text\" ><p>Wir werden Ihnen den Schl\u00fcssel kontaktlos \u00fcbergeben \u2013 \u00fcber den rechten Briefkasten!<\/p>\n<p>Und so funktioniert\u2019s!<\/p>\n<p>Der Briefkastenschl\u00fcssel ist unter der Briefkasten-einwurfklappe und der Haust\u00fcrschl\u00fcssel ist im Briefkasten.<\/p>\n<p>Nachdem Sie den Schl\u00fcssel entnommen haben, stecken Sie bitte den Briefkastenschl\u00fcssel in den linken Briefkasten. Herzlichen Dank!<\/p>\n<p>Durch die rechte Eingangst\u00fcr betreten Sie die FEWO.<\/p>\n<p><img loading=\"lazy\" decoding=\"async\" class=\"alignnone size-full wp-image-2293\" src=\"https:\/\/welcover.com\/rheinwein\/wp-content\/uploads\/sites\/5\/RheinWein-Boppard-Fewo1-003-645x430-Eingang.jpg\" alt=\"\" width=\"645\" height=\"430\" srcset=\"https:\/\/welcover.com\/rheinwein\/wp-content\/uploads\/sites\/5\/RheinWein-Boppard-Fewo1-003-645x430-Eingang.jpg 645w, https:\/\/welcover.com\/rheinwein\/wp-content\/uploads\/sites\/5\/RheinWein-Boppard-Fewo1-003-645x430-Eingang-300x200.jpg 300w\" sizes=\"(max-width: 645px) 100vw, 645px\" \/><\/p>\n<p><img loading=\"lazy\" decoding=\"async\" class=\"alignnone size-full wp-image-2294\" src=\"https:\/\/welcover.com\/rheinwein\/wp-content\/uploads\/sites\/5\/RheinWein-Boppard-Fewo1-002-645x430-Schluessel.jpg\" alt=\"\" width=\"645\" height=\"430\" srcset=\"https:\/\/welcover.com\/rheinwein\/wp-content\/uploads\/sites\/5\/RheinWein-Boppard-Fewo1-002-645x430-Schluessel.jpg 645w, https:\/\/welcover.com\/rheinwein\/wp-content\/uploads\/sites\/5\/RheinWein-Boppard-Fewo1-002-645x430-Schluessel-300x200.jpg 300w\" sizes=\"(max-width: 645px) 100vw, 645px\" \/><\/p>\n<\/div><\/div><footer class=\"entry-footer\"><\/footer><\/article><div class=\"iconlist-timeline\"><\/div><\/li>\n<li><div class='iconlist_icon av-lxzuuee1-d90474081f93d5afaf0430dbb933f876 avia-font-entypo-fontello avia-iconfont avia-font-entypo-fontello'><span class='av-icon-char' data-av_icon='\ue81e' data-av_iconfont='entypo-fontello' aria-hidden=\"true\"><\/span><\/div><article class=\"article-icon-entry \"  itemscope=\"itemscope\" itemtype=\"https:\/\/schema.org\/CreativeWork\" ><div class=\"iconlist_content_wrap\"><header class=\"entry-content-header\" aria-label=\"Icon: Begr\u00fcssung\"><h4 class='av_iconlist_title iconlist_title  '  itemprop=\"headline\" >Begr\u00fcssung<\/h4><\/header><div class='iconlist_content '  itemprop=\"text\" ><p>Am Abend begr\u00fc\u00dfen wir Sie pers\u00f6nlich oder telefonisch und beantworten gerne Ihre Fragen oder geben Ihnen Tipps f\u00fcr Ihre Urlaubsplanung.<\/p>\n<p>Wir w\u00fcnschen Ihnen einen angenehmen Aufenthalt im \u201eUnesco-Welterbe Oberes Mittelrheintal\u201c und in der Fewo Rheinwein.<\/p>\n<p>viele Gr\u00fc\u00dfe<\/p>\n<p>Birgit und Wolfgang Jahn<br \/>\nTelefonnummer: +491707197609<\/p>\n<p>Adresse: Josef-Dany-Str. 4, 56154 Boppard<\/p>\n<\/div><\/div><footer class=\"entry-footer\"><\/footer><\/article><div class=\"iconlist-timeline\"><\/div><\/li>\n<li><div class='iconlist_icon av-lxzuxs2z-1e4a702b43e3e11fca193cd361e1487b avia-font-entypo-fontello avia-iconfont avia-font-entypo-fontello'><span class='av-icon-char' data-av_icon='\ue800' data-av_iconfont='entypo-fontello' aria-hidden=\"true\"><\/span><\/div><article class=\"article-icon-entry \"  itemscope=\"itemscope\" itemtype=\"https:\/\/schema.org\/CreativeWork\" ><div class=\"iconlist_content_wrap\"><header class=\"entry-content-header\" aria-label=\"Icon: Weitere Infos\"><h4 class='av_iconlist_title iconlist_title  '  itemprop=\"headline\" >Weitere Infos<\/h4><\/header><div class='iconlist_content '  itemprop=\"text\" ><ul>\n<li>auf Anfrage ist ein Hund erlaubt<\/li>\n<li>Lades\u00e4ule f\u00fcr E Auto vorhanden<\/li>\n<li>Garage zum Unterstellen von Fahrr\u00e4dern mit Ladem\u00f6glichkeit f\u00fcr E Bike vorhanden<\/li>\n<li>Terrasse<\/li>\n<li>Eigener Eingang<\/li>\n<li>Kostenloser Parkplatz direkt am Objekt<\/li>\n<\/ul>\n<\/div><\/div><footer class=\"entry-footer\"><\/footer><\/article><div class=\"iconlist-timeline\"><\/div><\/li>\n<\/ul><\/div><\/p><\/div><\/div><!--close column table wrapper. Autoclose: 1 -->\n","protected":false},"excerpt":{"rendered":"","protected":false},"author":1,"featured_media":0,"parent":2239,"menu_order":20,"comment_status":"closed","ping_status":"closed","template":"","meta":{"footnotes":""},"class_list":["post-2285","page","type-page","status-publish","hentry"],"_links":{"self":[{"href":"https:\/\/welcover.com\/rheinwein\/wp-json\/wp\/v2\/pages\/2285"}],"collection":[{"href":"https:\/\/welcover.com\/rheinwein\/wp-json\/wp\/v2\/pages"}],"about":[{"href":"https:\/\/welcover.com\/rheinwein\/wp-json\/wp\/v2\/types\/page"}],"author":[{"embeddable":true,"href":"https:\/\/welcover.com\/rheinwein\/wp-json\/wp\/v2\/users\/1"}],"replies":[{"embeddable":true,"href":"https:\/\/welcover.com\/rheinwein\/wp-json\/wp\/v2\/comments?post=2285"}],"version-history":[{"count":10,"href":"https:\/\/welcover.com\/rheinwein\/wp-json\/wp\/v2\/pages\/2285\/revisions"}],"predecessor-version":[{"id":2695,"href":"https:\/\/welcover.com\/rheinwein\/wp-json\/wp\/v2\/pages\/2285\/revisions\/2695"}],"up":[{"embeddable":true,"href":"https:\/\/welcover.com\/rheinwein\/wp-json\/wp\/v2\/pages\/2239"}],"wp:attachment":[{"href":"https:\/\/welcover.com\/rheinwein\/wp-json\/wp\/v2\/media?parent=2285"}],"curies":[{"name":"wp","href":"https:\/\/api.w.org\/{rel}","templated":true}]}}